 -3*x**3 - x**2 + 0 - x**3 + 1 - x. Let k = -193 + 194. What is i(k)?
-5
Let i(v) = -v**2 + 25*v - 26. Let q be i(24). Let t(c) = 2*c**3 + 3*c**2 + c + 2. Determine t(q).
-4
Let w(v) = 2*v**2 - v - 1. Let a(z) = 9*z**2 - 5*z - 4. Let h(x) = a(x) - 3*w(x). Let p = -3 + 2. Let k be p*(-1 + 1 + 1). Calculate h(k).
4
Let z(s) = 2*s**3 + 4*s**2 - 13*s - 5. Let a(u) = u**3 + 2*u**2 - 6*u - 2. Let r(m) = 5*a(m) - 2*z(m). Determine r(-3).
3
Suppose 3*r = -0 + 9. Let o(u) = -6*u**2 - 2*u - 1. Let s(m) = 18*m**2 + 5*m + 3. Let t(d) = r*s(d) + 8*o(d). Let y(x) = -x - 6. Let h be y(-7). Give t(h).
6
Let a be (-1)/((-2)/8) + -2. Suppose -y + a*s + 14 = 4*y, 14 = 3*y - 4*s. Let x(m) = -4*m - 2*m**2 + m**3 + 3*m**2 - y*m**2. What is x(3)?
6
Suppose -4*g = -3*g + l - 1, -2*g + 4*l = 4. Let u(j) = -j**2 + j + 6. Calculate u(g).
6
Suppose 0 = 4*k + 5*d - 42 + 8, -3*k = -2*d - 14. Let w(x) = -x**2 + 6*x - 4. What is w(k)?
-4
Let r(t) be the first derivative of t**4/4 - 4*t**3/3 - t**2/2 - t + 1. Let b be (0 - 7)*-1*24/42. Give r(b).
-5
Suppose 13 = -3*o - 8. Let j = o - -16. Let d(x) = j*x - 6*x + 1 + 0. Determine d(2).
7
Let b(k) = -k**2 - 7*k - 5. Let i be b(-4). Let f(w) = 2*w - 6. Give f(i).
8
Let n(i) = -i - 3. Let r(h) = -h - 2. Let g(j) = -3*n(j) + 2*r(j). Give g(0).
5
Suppose 2*k = -2*k - 4. Let v = 4 + 3. Let s(m) = -1 - m**2 + 0*m + 4 - 4 - 2*m + v*m**3. What is s(k)?
-7
Let j(y) = 3*y - 3. Let m be (-2)/9 + 114/27. Suppose -l = l. Suppose -2*v = -l*v - m. What is j(v)?
3
Let c(z) = -2*z + 2. Let w(j) = j + 13. Let h be w(-15). What is c(h)?
6
Suppose -108 = -d - 3*d. Suppose 5*z + 1 = n - 11, -5*n - d = 4*z. Let m(l) be the third derivative of -l**4/24 + l**3/3 - 2*l**2. Give m(n).
5
Let s = 11 + -14. Let f(h) = h + 1. Let d(i) = -i - 3. Let o(v) = -d(v) - 2*f(v). Determine o(s).
4
Let d(z) be the third derivative of -z**6/120 + z**5/6 - 2*z**3/3 + 3*z**2. Let q be d(10). Let v be 2*((-30)/q)/(-3). Let t(l) = 3*l + 7. Give t(v).
-8
Suppose 0 = -i + 5*p + 5, 4*p - 12 = 5*i - i. Let s(a) be the first derivative of a**4/4 + 4*a**3/3 - 7*a**2/2 - 7*a + 1. Give s(i).
3
Let t(n) be the second derivative of -n**5/20 + n**4/3 - n**3/3 + 3*n**2/2 - 10*n. What is t(4)?
-5
Let b(s) be the first derivative of -7*s**2/2 - 5*s - 2. Let r(a) = -6*a - 5. Let f(k) = 5*b(k) - 6*r(k). Calculate f(-3).
2
Let g(t) be the second derivative of 7/6*t**3 + t + 0 + 0*t**2. Calculate g(-1).
-7
Let q(j) = 2*j - 11*j**2 - 1 + 3*j**2 + 0. Suppose v - 3*z = -6*z - 5, -3*v + 5*z = -13. Calculate q(v).
-7
Let f = -1 + -5. Let g = f + 11. Let b(j) = -j + 3. Give b(g).
-2
Let u(h) be the third derivative of h**6/120 + h**3/6 - 2*h**2. Let j(m) = 7*m**3 + 4*m**2 + m + 11. Let s(r) = j(r) - 6*u(r). Let z = -9 + 5. Determine s(z).
1
Let y(m) = -m**2 + 38*m**3 - 2 - 2*m + m - 39*m**3. Let t(u) = -u**3 + 2*u**2 + u. Let n be t(2). What is y(n)?
-16
Suppose 0*a + 15 = 5*a. Let t(q) = -2*q - 1 + 4*q + 7*q - a*q. What is t(-1)?
-7
Let z(b) = -4*b**2 + b. Let g be z(-1). Let k(p) = p**3 + 8*p**2 - 6*p - 7. Let v(d) = d**3 + 9*d**2 - 6*d - 8. Let u(o) = g*k(o) + 4*v(o). What is u(-5)?
-2
Let t(d) be the first derivative of -d**3/3 - d**2/2 - 7*d - 85. Let r be -1*(-1 - (-2)/2). Give t(r).
-7
Let p be 7*((-4)/(-4) + 0). Let c(r) = 3 - r + p - 5. Calculate c(5).
0
Let l(j) be the third derivative of j**5/60 - j**4/24 - j**3/6 + 13*j**2. Let y = 5 - 6. Determine l(y).
1
Let j be (-9)/(-4)*(7 + 1). Let l be (-16)/6*j/8. Let y(s) = -s - 11. Let n be y(l). Let p(m) = m**3 + 5*m**2 + 2. What is p(n)?
2
Let i(w) = -1 + 3*w**2 + 5*w**2 - 2*w - 3*w**2 - 4*w**2. What is i(3)?
2
Let t(x) = -x**2 + 4*x - 8. Let y(v) = v**2 - 3*v + 7. Let z(i) = 6*t(i) + 7*y(i). Calculate z(-3).
1
Let a(x) = 2*x - 8. Let u = -6 + 5. Let r = 2 - u. Suppose v + r = 2*v - 3*c, 15 = 2*v + 3*c. Give a(v).
4
Let h = 10 - 16. Let y be (8/12)/((-1)/h). Let v(j) = -4*j**2 + 6*j**2 + 4*j - 7*j**2 - j**3 + 2*j**3. Determine v(y).
0
Let h be ((-4)/1)/((-3)/3 + -1). Let d(b) = -5*b**2 + b + 2. Determine d(h).
-16
Let r(j) = -j**2 - 6*j + 5. Let n be r(-6). Let b(v) = n + 5*v + 2*v**2 + 8 - 9. Determine b(-3).
7
Let a(p) be the second derivative of p**4/8 - p**3/6 + 3*p**2/2 + 4*p. Let s(t) be the first derivative of a(t). What is s(3)?
8
Let q(t) = 25*t + 16. Let a(i) = -5*i - 3. Let s(d) = -11*a(d) - 2*q(d). Suppose -32 + 4 = -5*h - r, -3*h = 4*r - 27. Suppose -4 + h = -n. Determine s(n).
-4
Suppose -3*u = 2*f - 8*u - 17, 4*f + 2*u - 22 = 0. Let p = f + -4. Let j(h) = 17*h**2 - 19*h**2 + 4*h - 2 - 1. Determine j(p).
-3
Let u(a) = a + 4. Let v(z) = z**3 + 7*z**2 - 3. Let c be v(-7). Let j = -26 + 26. Let w = j + c. Calculate u(w).
1
Let d(y) = 8*y - 15 - 8*y + 16 + 6*y. Let o = 1 + -2. Calculate d(o).
-5
Let c(q) be the second derivative of q**7/2520 - q**6/180 + q**5/60 + q**4/3 - 3*q. Let t(j) be the third derivative of c(j). Calculate t(2).
-2
Let r = 13 + -7. Let j(a) be the third derivative of -a**4/8 - a**3/3 - 9*a**2. Let b(q) = 2*q + 1. Let u(d) = r*j(d) + 10*b(d). What is u(3)?
4
Let t(k) = -5 + 4*k + 4*k - 12*k + 8*k. Give t(4).
11
Suppose -10 = -3*m - 1. Let q(y) = 6*y**m - 10*y**3 - y**2 - y + 3*y**3. Determine q(-1).
1
Let o(w) be the second derivative of w**5/120 + w**4/24 - w**3 + 2*w. Let p(b) be the second derivative of o(b). What is p(-4)?
-3
Let u(m) be the first derivative of -3*m**4/2 + m**2 - m + 1. Calculate u(1).
-5
Let b(w) be the second derivative of w**4/24 - w**3/2 - 3*w**2/2 - 3*w. Let i(a) be the first derivative of b(a). Give i(3).
0
Suppose 0 = 2*w - 2. Let l(z) be the second derivative of z**6/120 + z**5/120 - z**4/6 - 2*z. Let s(n) be the third derivative of l(n). Determine s(w).
7
Let g(q) = 4*q**3 + 5*q**2 - 2*q + 5. Let o(n) = -5*n**3 - 5*n**2 + n - 4. Let d(f) = 4*g(f) + 3*o(f). What is d(-6)?
2
Let s(r) = r + r - 4*r + 6 + 3*r. Calculate s(-6).
0
Suppose -5 = -b - 0*b. Let o(p) = 3 + 0*p - 4*p - b*p + 8*p. Give o(4).
-1
Let w(v) = -v**2 - 7*v - 5. Let p(s) = -s**2 - 7*s - 4. Let o(u) = 3*p(u) - 2*w(u). Give o(-6).
4
Let g(o) be the third derivative of -o**5/60 + o**4/8 - o**3/3 - 10*o**2. Determine g(5).
-12
Let m(q) = 0 - q + 3 - 2. Let p be -13 + -3 + (0 - -3). Let g(c) = -c**2 - 12*c + 10. Let j be g(p). Give m(j).
4
Suppose 3*d + 24 = -d. Let n(m) = -m**3 - 6*m**2 - m. What is n(d)?
6
Let i(y) = -y**3 - 4*y**2 - y - 4. Let l = -6 + 2. Determine i(l).
0
Let m(d) be the third derivative of -3/8*d**4 + 1/6*d**3 + 0 - 6*d**2 + 0*d. Suppose -4*l - 1 = -5. Determine m(l).
-8
Let r(z) = -5*z. Let v(m) be the second derivative of -8*m**3/3 - 2*m. Suppose 2*t + 21 = 3*k, -2*k + 2*t = 4*t - 14. Let f(s) = k*r(s) - 2*v(s). Give f(-2).
6
Let l(p) = p - 1. Let z(u) = -3*u + 5. Let d(s) = -4*l(s) - z(s). Let a = -3 - -5. Suppose g = -a + 1. Calculate d(g).
0
Suppose 0 = -4*g + 4*w - 16, 19 = -4*g + 5*w + 2. Let q(x) = -x + 2. Let r(j) = 4*j - 10. Let d(y) = -14*q(y) - 3*r(y). Calculate d(g).
-4
Let a(u) = -u**3 + 10*u**2 + u - 11. Let w be a(10). Let c(v) = -9*v - 1. Determine c(w).
8
Let v be (2 + 4)/((-2)/(-7)). Suppose 0 = -3*r + 3*p + v, p + 17 = r - 2*p. Let o(c) = -c**2 + r - 1 - 4*c + 9*c. Give o(3).
7
Let g(n) = -3 - 4 + n**2 - 7*n + 5 + 3*n. Calculate g(6).
10
Let r(v) = v + 2. Let c be 2/((-1)/3*1). Suppose 9*i + 27 = 6*i. Let s = c - i. Determine r(s).
5
Let g(v) = 5*v - 5. Let q(y) = 2*y - 3. Let l(h) = -3*g(h) + 7*q(h). Give l(-6).
0
Let d be (0 + (-3 - -2))/1. Let a(i) = -4*i**2 + 2*i + 1. What is a(d)?
-5
Let m be -6 + -57*(-3)/27. Let y(x) be the first derivative of -1/2*x**2 + m*x**3 - x - 5. What is y(-1)?
1
Let u(h) be the first derivative of 7*h**2/2 + 2*h - 13. Determine u(2).
16
Let m(p) = -4 + 136*p**3 + p**2 - 4*p**2 + p - 137*p**3. Calculate m(-4).
8
Let j(v) = -v - 1. Let l(t) = -4*t**3 + 2*t**2 - 3*t - 4. Let n(g) = -3*j(g) + l(g). Calculate n(1).
-3
Let d(y) = y**2 + 7*y + 6. Suppose -6 = -s + 4*l, -35 = 3*s + 4*l - 5. Give d(s).
0
Let g(v) = 9 - 9 + 4*v**2. Suppose -2*u - 3*u = -25. Suppose -u*j - 32 = 5*a - 2, -16 = -4*j + 4*a. What is g(j)?
4
Let p(j) = -j**2 + 3*j. Suppose 19 = 2*y - 5*s, 4*y - 2*s = -6*s + 52. Let b = 4 + -13. Let g = b + y. Calculate p(g).
0
Let f(i) = 22 - 5*i**2 + i**3 - i + 4*i - 25. Give f(5).
12
Let o(t) = -2*t - 4*t + 1 + 7*t. What is o(3)?
4
Let t(